{"id":774,"date":"2023-06-18T18:20:42","date_gmt":"2023-06-18T18:20:42","guid":{"rendered":"http:\/\/hannahdegroth.de\/?page_id=774"},"modified":"2023-06-18T18:20:43","modified_gmt":"2023-06-18T18:20:43","slug":"noch-mehr-kreatives","status":"publish","type":"page","link":"https:\/\/hannahdegroth.de\/?page_id=774","title":{"rendered":"Noch mehr Kreatives"},"content":{"rendered":"\n<figure class=\"wp-block-image size-large\"><a href=\"http:\/\/hannahdegroth.de\/wp-content\/uploads\/2018\/03\/Zeltlager.jpg\"><img loading=\"lazy\" decoding=\"async\" width=\"1024\" height=\"576\" src=\"http:\/\/hannahdegroth.de\/wp-content\/uploads\/2018\/03\/Zeltlager-1024x576.jpg\" alt=\"\" class=\"wp-image-531\" srcset=\"https:\/\/hannahdegroth.de\/wp-content\/uploads\/2018\/03\/Zeltlager-1024x576.jpg 1024w, https:\/\/hannahdegroth.de\/wp-content\/uploads\/2018\/03\/Zeltlager-300x169.jpg 300w, https:\/\/hannahdegroth.de\/wp-content\/uploads\/2018\/03\/Zeltlager-768x432.jpg 768w, https:\/\/hannahdegroth.de\/wp-content\/uploads\/2018\/03\/Zeltlager-370x208.jpg 370w, https:\/\/hannahdegroth.de\/wp-content\/uploads\/2018\/03\/Zeltlager-1040x585.jpg 1040w, https:\/\/hannahdegroth.de\/wp-content\/uploads\/2018\/03\/Zeltlager.jpg 1280w\" sizes=\"auto, (max-width: 1024px) 100vw, 1024px\" \/><\/a><\/figure>\n\n\n\n<p class=\"has-text-align-center\">Alles rundum Kunstprojekte, Schauspiel, kreative Ehren\u00e4mter, Maskenbilderei, Theater Make-up und Kost\u00fcme sind nach wie vor eine gro\u00dfe Leidenschaft in meinem Leben. Dabei geht die Thematik querbeet von lustig, m\u00e4rchenhaft, \u00fcber gruselig, bis hin zu handwerklichen Bauteilen oder einfach au\u00dfergew\u00f6hnliche, fantastische Projekte. Die Neugier auf Wissen und die Zusammenarbeit mit anderen K\u00fcnstlern, treibt mich oft in Projekte f\u00fcr die es so keine Schubladen gibt.<\/p>\n\n\n\n<figure class=\"wp-block-gallery has-nested-images columns-default is-cropped wp-block-gallery-1 is-layout-flex wp-block-gallery-is-layout-flex\">\n<figure class=\"wp-block-image size-large\"><a href=\"http:\/\/hannahdegroth.de\/wp-content\/uploads\/2018\/03\/orks.jpg\"><img loading=\"lazy\" decoding=\"async\" width=\"1024\" height=\"742\" data-id=\"519\" src=\"http:\/\/hannahdegroth.de\/wp-content\/uploads\/2018\/03\/orks-1024x742.jpg\" alt=\"\" class=\"wp-image-519\" srcset=\"https:\/\/hannahdegroth.de\/wp-content\/uploads\/2018\/03\/orks-1024x742.jpg 1024w, https:\/\/hannahdegroth.de\/wp-content\/uploads\/2018\/03\/orks-300x217.jpg 300w, https:\/\/hannahdegroth.de\/wp-content\/uploads\/2018\/03\/orks-768x556.jpg 768w, https:\/\/hannahdegroth.de\/wp-content\/uploads\/2018\/03\/orks-370x268.jpg 370w, https:\/\/hannahdegroth.de\/wp-content\/uploads\/2018\/03\/orks-1040x754.jpg 1040w, https:\/\/hannahdegroth.de\/wp-content\/uploads\/2018\/03\/orks.jpg 1717w\" sizes=\"auto, (max-width: 1024px) 100vw, 1024px\" \/><\/a><\/figure>\n\n\n\n<figure class=\"wp-block-image size-large\"><a href=\"http:\/\/hannahdegroth.de\/wp-content\/uploads\/2018\/03\/Artbook2018_werbung_web.png\"><img loading=\"lazy\" decoding=\"async\" width=\"1024\" height=\"754\" data-id=\"611\" src=\"http:\/\/hannahdegroth.de\/wp-content\/uploads\/2018\/03\/Artbook2018_werbung_web-1024x754.png\" alt=\"\" class=\"wp-image-611\" srcset=\"https:\/\/hannahdegroth.de\/wp-content\/uploads\/2018\/03\/Artbook2018_werbung_web-1024x754.png 1024w, https:\/\/hannahdegroth.de\/wp-content\/uploads\/2018\/03\/Artbook2018_werbung_web-300x221.png 300w, https:\/\/hannahdegroth.de\/wp-content\/uploads\/2018\/03\/Artbook2018_werbung_web-768x565.png 768w, https:\/\/hannahdegroth.de\/wp-content\/uploads\/2018\/03\/Artbook2018_werbung_web-370x272.png 370w, https:\/\/hannahdegroth.de\/wp-content\/uploads\/2018\/03\/Artbook2018_werbung_web-1040x766.png 1040w, https:\/\/hannahdegroth.de\/wp-content\/uploads\/2018\/03\/Artbook2018_werbung_web.png 1387w\" sizes=\"auto, (max-width: 1024px) 100vw, 1024px\" \/><\/a><\/figure>\n\n\n\n<figure class=\"wp-block-image size-large\"><a href=\"http:\/\/hannahdegroth.de\/wp-content\/uploads\/2018\/03\/masken.jpg\"><img loading=\"lazy\" decoding=\"async\" width=\"1024\" height=\"768\" data-id=\"518\" src=\"http:\/\/hannahdegroth.de\/wp-content\/uploads\/2018\/03\/masken-1024x768.jpg\" alt=\"\" class=\"wp-image-518\" srcset=\"https:\/\/hannahdegroth.de\/wp-content\/uploads\/2018\/03\/masken-1024x768.jpg 1024w, https:\/\/hannahdegroth.de\/wp-content\/uploads\/2018\/03\/masken-300x225.jpg 300w, https:\/\/hannahdegroth.de\/wp-content\/uploads\/2018\/03\/masken-768x576.jpg 768w, https:\/\/hannahdegroth.de\/wp-content\/uploads\/2018\/03\/masken-370x278.jpg 370w, https:\/\/hannahdegroth.de\/wp-content\/uploads\/2018\/03\/masken-1040x780.jpg 1040w\" sizes=\"auto, (max-width: 1024px) 100vw, 1024px\" \/><\/a><\/figure>\n<\/figure>\n\n\n\n<p class=\"has-text-align-center\">Kost\u00fcme und Spiele aus meiner Werkstatt<\/p>\n\n\n\n<figure class=\"wp-block-gallery has-nested-images columns-default is-cropped wp-block-gallery-2 is-layout-flex wp-block-gallery-is-layout-flex\">\n<figure class=\"wp-block-image size-large\"><a href=\"http:\/\/hannahdegroth.de\/wp-content\/uploads\/2017\/01\/Poster_werbung_klein_web.jpg\"><img loading=\"lazy\" decoding=\"async\" width=\"1024\" height=\"1024\" data-id=\"403\" src=\"http:\/\/hannahdegroth.de\/wp-content\/uploads\/2017\/01\/Poster_werbung_klein_web-1024x1024.jpg\" alt=\"\" class=\"wp-image-403\" srcset=\"https:\/\/hannahdegroth.de\/wp-content\/uploads\/2017\/01\/Poster_werbung_klein_web-1024x1024.jpg 1024w, https:\/\/hannahdegroth.de\/wp-content\/uploads\/2017\/01\/Poster_werbung_klein_web-150x150.jpg 150w, https:\/\/hannahdegroth.de\/wp-content\/uploads\/2017\/01\/Poster_werbung_klein_web-300x300.jpg 300w, https:\/\/hannahdegroth.de\/wp-content\/uploads\/2017\/01\/Poster_werbung_klein_web-768x768.jpg 768w, https:\/\/hannahdegroth.de\/wp-content\/uploads\/2017\/01\/Poster_werbung_klein_web-370x370.jpg 370w, https:\/\/hannahdegroth.de\/wp-content\/uploads\/2017\/01\/Poster_werbung_klein_web-1040x1040.jpg 1040w, https:\/\/hannahdegroth.de\/wp-content\/uploads\/2017\/01\/Poster_werbung_klein_web.jpg 1122w\" sizes=\"auto, (max-width: 1024px) 100vw, 1024px\" \/><\/a><\/figure>\n\n\n\n<figure class=\"wp-block-image size-large\"><a href=\"http:\/\/hannahdegroth.de\/wp-content\/uploads\/2017\/01\/spielaufbau1_mittel.jpg\"><img loading=\"lazy\" decoding=\"async\" width=\"1024\" height=\"576\" data-id=\"405\" src=\"http:\/\/hannahdegroth.de\/wp-content\/uploads\/2017\/01\/spielaufbau1_mittel-1024x576.jpg\" alt=\"\" class=\"wp-image-405\" srcset=\"https:\/\/hannahdegroth.de\/wp-content\/uploads\/2017\/01\/spielaufbau1_mittel-1024x576.jpg 1024w, https:\/\/hannahdegroth.de\/wp-content\/uploads\/2017\/01\/spielaufbau1_mittel-300x169.jpg 300w, https:\/\/hannahdegroth.de\/wp-content\/uploads\/2017\/01\/spielaufbau1_mittel-768x432.jpg 768w, https:\/\/hannahdegroth.de\/wp-content\/uploads\/2017\/01\/spielaufbau1_mittel-370x208.jpg 370w, https:\/\/hannahdegroth.de\/wp-content\/uploads\/2017\/01\/spielaufbau1_mittel-1040x585.jpg 1040w\" sizes=\"auto, (max-width: 1024px) 100vw, 1024px\" \/><\/a><\/figure>\n<\/figure>\n","protected":false},"excerpt":{"rendered":"<p>Alles rundum Kunstprojekte, Schauspiel, kreative Ehren\u00e4mter, Maskenbilderei, Theater Make-up und Kost\u00fcme sind nach wie vor eine gro\u00dfe Leidenschaft in meinem Leben. Dabei [&hellip;]<\/p>\n","protected":false},"author":1,"featured_media":0,"parent":0,"menu_order":0,"comment_status":"closed","ping_status":"closed","template":"","meta":{"footnotes":""},"class_list":["post-774","page","type-page","status-publish","hentry"],"_links":{"self":[{"href":"https:\/\/hannahdegroth.de\/index.php?rest_route=\/wp\/v2\/pages\/774","targetHints":{"allow":["GET"]}}],"collection":[{"href":"https:\/\/hannahdegroth.de\/index.php?rest_route=\/wp\/v2\/pages"}],"about":[{"href":"https:\/\/hannahdegroth.de\/index.php?rest_route=\/wp\/v2\/types\/page"}],"author":[{"embeddable":true,"href":"https:\/\/hannahdegroth.de\/index.php?rest_route=\/wp\/v2\/users\/1"}],"replies":[{"embeddable":true,"href":"https:\/\/hannahdegroth.de\/index.php?rest_route=%2Fwp%2Fv2%2Fcomments&post=774"}],"version-history":[{"count":1,"href":"https:\/\/hannahdegroth.de\/index.php?rest_route=\/wp\/v2\/pages\/774\/revisions"}],"predecessor-version":[{"id":776,"href":"https:\/\/hannahdegroth.de\/index.php?rest_route=\/wp\/v2\/pages\/774\/revisions\/776"}],"wp:attachment":[{"href":"https:\/\/hannahdegroth.de\/index.php?rest_route=%2Fwp%2Fv2%2Fmedia&parent=774"}],"curies":[{"name":"wp","href":"https:\/\/api.w.org\/{rel}","templated":true}]}}